6 a multiple of 506?
True
Does 3227 divide 42516994?
False
Is 132079035 a multiple of 15?
True
Does 1103 divide 23460044?
False
Is 14587135 a multiple of 16?
False
Is 1547 a factor of 25719177?
False
Is 24865217 a multiple of 3215?
False
Is 553758144 a multiple of 32?
True
Does 601 divide 1272130089?
True
Does 1655 divide 569452400?
True
Does 35 divide 19058429?
False
Is 381657547 a multiple of 164?
False
Is 856096360 a multiple of 30?
False
Does 675 divide 14001198?
False
Is 2733185762 a multiple of 68?
False
Does 4 divide 114936182?
False
Is 40990771 a multiple of 741?
False
Does 26 divide 831413882?
True
Does 919 divide 227959731?
False
Is 1583321772 a multiple of 8863?
True
Does 18 divide 65558484?
True
Is 13 a factor of 66012362?
True
Is 2831088 a multiple of 156?
True
Is 3077224660 a multiple of 820?
True
Is 61 a factor of 17438826?
False
Is 541 a factor of 5303964?
True
Is 141895488 a multiple of 8?
True
Is 69 a factor of 271502925?
True
Is 49049120 a multiple of 3280?
True
Is 2935 a factor of 92613925?
True
Is 21609991 a multiple of 184?
False
Is 14492070 a multiple of 90?
True
Is 70 a factor of 219657364?
False
Is 2938 a factor of 169137656?
False
Does 9 divide 28305711?
True
Is 17757472 a multiple of 2136?
False
Is 580639759 a multiple of 6101?
False
Is 2873 a factor of 220446941?
False
Is 773 a factor of 183505015?
False
Is 4 a factor of 8273378?
False
Is 1678 a factor of 140666740?
True
Does 46 divide 25915250?
True
Is 176685680 a multiple of 2780?
True
Is 9325 a factor of 418163320?
False
Is 105879054 a multiple of 146?
True
Is 140924882 a multiple of 32?
False
Does 163 divide 261122414?
True
Does 161 divide 708561?
True
Does 396 divide 384643901?
False
Is 46441249 a multiple of 560?
False
Is 49 a factor of 889968044?
False
Does 24 divide 946863864?
True
Is 20388771 a multiple of 5?
False
Is 23 a factor of 2350506137?
True
Is 1490169802 a multiple of 37?
False
Does 5 divide 18035931?
False
Is 333184138 a multiple of 178?
True
Is 6 a factor of 207114793?
False
Is 398 a factor of 317300326?
True
Does 85 divide 140363050?
True
Does 165 divide 8514660?
True
Is 210 a factor of 289545090?
False
Is 38847096 a multiple of 438?
True
Is 25166661 a multiple of 123?
True
Is 1165320 a multiple of 1992?
True
Does 2359 divide 4856561819?
False
Is 4 a factor of 142837736?
True
Is 93708444 a multiple of 1878?
True
Is 54193710 a multiple of 6?
True
Is 16 a factor of 799396164?
False
Is 9371 a factor of 1725088648?
True
Is 56802753 a multiple of 9?
True
Is 2432738175 a multiple of 10385?
True
Does 2 divide 2221840?
True
Is 81382490 a multiple of 178?
True
Is 92 a factor of 4138598?
False
Does 1234 divide 489318843?
False
Is 121398338 a multiple of 6?
False
Does 814 divide 1742202?
False
Is 10477356 a multiple of 12?
True
Is 1240 a factor of 19483535?
False
Does 5 divide 4045495?
True
Is 99 a factor of 241488027?
True
Is 58343556 a multiple of 1947?
False
Is 493 a factor of 119936054?
True
Does 74 divide 3198751454?
True
Is 8 a factor of 34155627?
False
Is 476514287 a multiple of 272?
False
Is 31 a factor of 12715158?
False
Is 33549670 a multiple of 187?
True
Does 352 divide 90766878?
False
Is 28 a factor of 1222613056?
True
Is 5 a factor of 14359519?
False
Does 9 divide 43674541?
False
Is 1652425984 a multiple of 9053?
True
Is 1727809044 a multiple of 11778?
True
Is 924 a factor of 21162942?
False
Does 173 divide 33058570?
True
Does 238 divide 45542252?
True
Is 2652 a factor of 581877972?
True
Is 232 a factor of 206507840?
True
Is 14 a factor of 8881726?
True
Does 299 divide 917406750?
True
Does 25 divide 18620300?
True
Is 665108648 a multiple of 49?
False
Does 18 divide 832539132?
True
Does 13 divide 103188098?
True
Is 120429616 a multiple of 16?
True
Does 11 divide 2476672?
True
Does 376 divide 33706837?
False
Is 413576 a multiple of 341?
False
Is 12755844 a multiple of 9?
True
Is 298 a factor of 66852999?
False
Does 13 divide 229224442?
False
Is 2147069495 a multiple of 601?
True
Does 21 divide 606597172?
False
Is 52248916 a multiple of 344?
False
Does 4345 divide 1041436508?
False
Does 53 divide 260505282?
True
Does 375 divide 6590348?
False
Does 719 divide 39034510?
True
Does 1410 divide 369977?
False
Does 111 divide 14931054?
True
Is 30 a factor of 91273808?
False
Is 3455566 a multiple of 34?
False
Is 1340894832 a multiple of 2127?
True
Does 200 divide 102938613?
False
Is 487 a factor of 941371?
True
Is 25509116 a multiple of 1622?
False
Is 565 a factor of 44659229?
False
Is 15 a factor of 68000190?
True
Is 65534028 a multiple of 662?
True
Is 52414146 a multiple of 438?
True
Is 438284846 a multiple of 71?
True
Is 68 a factor of 14065392?
True
Is 675 a factor of 1072931400?
True
Does 35 divide 517209105?
True
Is 254831004 a multiple of 1044?
True
Does 59 divide 269051741?
True
Is 5975861 a multiple of 12?
False
Is 2115 a factor of 117526320?
True
Is 19015932 a multiple of 197?
False
Does 7 divide 50470595?
True
Is 375 a factor of 64449750?
True
Does 1067 divide 8031309?
True
Is 94965114 a multiple of 728?
False
Does 97 divide 446352872?
True
Is 10 a factor of 25450760?
True
Is 39664128 a multiple of 16?
True
Does 22 divide 82721895?
False
Is 512 a factor of 32391168?
True
Is 49 a factor of 7575939?
True
Is 814 a factor of 46102518?
True
Is 414914677 a multiple of 21?
False
Is 29 a factor of 484569874?
True
Does 3540 divide 180468074?
False
Is 60169739 a multiple of 73?
True
Does 42 divide 265924841?
False
Is 972 a factor of 1106027136?
True
Does 308 divide 44554972?
True
Is 59531031 a multiple of 21?
True
Is 6362989 a multiple of 151?
True
Is 871374462 a multiple of 14?
True
Is 1852 a factor of 2443678937?
False
Is 98047776 a multiple of 24?
True
Is 61 a factor of 26150883?
True
Does 732 divide 188918952?
True
Is 397480692 a multiple of 1743?
True
Is 41816754 a multiple of 79?
True
Does 115 divide 891588100?
True
Is 388082912 a multiple of 29?
False
Is 484575210 a multiple of 27?
True
Is 918 a factor of 2348436147?
False
Is 41 a factor of 21208415?
False
Does 5 divide 10404585?
True
Is 40345683 a multiple of 888?
False
Does 27 divide 58988792?
False
Is 18 a factor of 288211722?
False
Does 7 divide 161593396?
False
Is 21484980 a multiple of 594?
True
Is 2549856880 a multiple of 40?
True
Does 606 divide 29605524?
True
Is 834094580 a multiple of 9?
False
Does 39 divide 56052438?
True
Is 499929153 a multiple of 75?
False
Is 21 a factor of 42730705?
False
Is 2 a factor of 45251303?
False
Is 35426384 a multiple of 134?
True
Is 4 a factor of 81832288?
True
Is 53 a factor of 6334068054?
True
Is 316989717 a multiple of 89?
False
Is 327354332 a multiple of 9?
False
Is 1346956123 a multiple of 43?
True
Does 13 divide 184679261?
True
Does 212 divide 687320282?
False
Is 95663601 a multiple of 2?
False
Is 56909761 a multiple of 23?
False
Is 37 a factor of 35749376?
False
Does 16 divide 51783731?
False
Is 35 a factor of 1107768970?
True
Is 1395 a factor of 8216550?
True
Is 1443335787 a multiple of 239?
False
Is 149226420 a multiple of 42?
True
Is 61698421 a multiple of 9?
False
Is 186 a factor of 12453816?
True
Is 67140458 a multiple of 86?
True
Is 19 a factor of 808811?
True
Is 309154077 a multiple of 1536?
False
Does 4747 divide 443735319?
True
Does 2049 divide 264919182?
False
Does 743 divide 4213848544?
False
Is 917413219 a multiple of 378?
False
Is 47680325 a multiple of 2585?
True
Is 36219791 a multiple of 199?
True
Is 5 a factor of 822722895?
True
Does 2324 divide 1824938782?
False
Does 471 divide 207850597?
False
Does 7500 divide 1057889370?
False
Is 23 a factor of 14126563?
False
Is 10 a factor of 1235700140?
True
Does 259 divide 85951481?
True
Does 807 divide 262433172?
True
Is 203 a factor of 381034857?
True
Is 535 a factor of 4067605?
True
Does 4 divide 4329063?
False
Does 138 divide 88094370?
True
Does 8088 divide 3287092608?
True
Does 51 divide 784211343?
True
Does 27 divide 2144085176?
False
Is 45 a factor of 29748330?
True
Is 24880225 a multiple of 1848?
False
Does 3495 divide 91443180?
True
Is 1930 a factor of 620900300?
True
Does 90 divide 18519107?
False
Is 481 a factor of 68820175?
False
Does 414 divide 45307332?
True
Is 657030120 a multiple of 29?
False
Does 8146 divide 4218340609?
False
Is 358725874 a multiple of 289?
True
Is 578123